(k)?
0
Let r be (-1 + 77/21)*(3 - 0). Suppose -5*q + 26 = -3*t - 65, 3*t = -2*q - 98. What is the tens digit of (-1368)/t + 2/r?
4
Let j(r) = 25 - 16 + 14*r**2 - 25 + 16*r + 0*r**2. What is the hundreds digit of j(9)?
2
Let q(l) = 8*l + 29*l + 16*l + 1 + 8 - 8*l. Let o be ((-2)/(-6))/((-8)/(-72)). What is the units digit of q(o)?
4
Suppose -7*n = -3*n - 5*b - 7123, 2*n - 3*b = 3561. Suppose 3*a + 408 - n = 0. What is the hundreds digit of a?
4
Let d = -4283 - -14255. What is the tens digit of d?
7
Suppose -3*n + 7*g - 9*g - 20 = 0, 5*n = -2*g - 28. Let s be n + 13 - (2 - -2). Suppose 20 = z - 2*t, z - 71 = -3*z + s*t. What is the tens digit of z?
1
Let d(p) = -p**3 + 9*p**2 - 7*p - 4. Let w be d(8). Let c be 5/(w/(-344)*-2). Suppose -5*h + c = 3*b + 2*b, -4*b + 175 = 5*h. What is the tens digit of b?
4
Suppose -b + 784 + 1077 = 0. What is the thousands digit of b?
1
Let t be (-3 - 31/(-2))/((-3)/(-222)). Suppose 4*l = 0, 0 = 2*u + 3*u - 2*l - t. What is the tens digit of u?
8
Let a(x) = 760*x**3 + 3*x**2 + 2*x - 4. Suppose 3*d - 9 = -2*c, 11*d + 4*c = 15*d + 8. What is the hundreds digit of a(d)?
7
Let w(l) = -14*l + 8. Let f be w(1). Let k(z) = -z**3 - 5*z**2 - z - 2. What is the units digit of k(f)?
0
Let q = -102 + 106. Let y be (q*6/48)/(2/(-24)). Let d(j) = -11*j + 18. What is the tens digit of d(y)?
8
Let s = -39179 + 66147. What is the thousands digit of s?
6
Suppose s + 2*s - 2*x = 57, -s - 2*x + 11 = 0. Suppose 2*w - 744 = -4*o, s*o - 22*o = -4*w + 1475. What is the units digit of w?
0
Suppose 0*z = 6*z + c - 55091, 5*z = -c + 45910. What is the hundreds digit of z?
1
Suppose -16 = 4*o - 36. Suppose -o*h = 7*h + 2652. Let q = 406 + h. What is the units digit of q?
5
Let w be 2*(-2)/12*3 + -13. Let t be 4/(-8) + (-7)/w. Suppose t = 5*x - 20, -158 = -2*a - 3*x + x. What is the units digit of a?
5
Let t = 521 - 147. Suppose -2*l - 2*u = -t, 3*l + 3*u = u + 560. What is the hundreds digit of l?
1
Suppose -5*q + 40 = -5*v, -11*q + 8*q + 4*v = -28. Suppose -q*g - 13611 = -17*g. What is the hundreds digit of g?
0
Let h(j) = 2*j**2 - 2*j + 100. Let n be h(0). Let b = -96 + n. What is the units digit of 122/4*(-1)/(b/(-8))?
1
Let x(f) = 25*f - 32. Let p(a) = -12*a - 22. Let d be p(-3). What is the tens digit of x(d)?
1
Let i = 1462 + 1969. What is the tens digit of i?
3
Let h(a) = 2*a**2 - 7*a + 17. Let k = -63 - -55. Let u be h(k). Suppose 2*w = -u + 673. What is the units digit of w?
6
Let x(b) = 1856*b - 320. Let d(y) = -35*y + 6. Let a(o) = 160*d(o) + 3*x(o). What is the tens digit of a(-8)?
5
What is the thousands digit of (-15)/18 + (-46805)/(-3) + 20/(-24)?
5
Let m = 17744 - 10096. What is the thousands digit of m?
7
Suppose 6 = -4*k + 2, 0 = 2*u + 5*k - 37. Suppose -16*g + u*g = 1435. What is the tens digit of g?
8
Let z(t) = t**2 - 6*t + 8. Let v be z(6). What is the hundreds digit of 447*v/(-48)*-14?
0
Let f be 5*252 - -7 - (-2 + 1). Let p = 2233 - f. What is the tens digit of p?
6
Suppose 0 = 8*c - 445 + 133. Suppose 3*r + 0*t + 3*t = 102, 2*t - c = -r. What is the units digit of r?
9
Let j = 1022 + -1021. Let o(a) = -a**3 - a**2 + 2*a + 2. Let p be o(-2). What is the units digit of (j + (-11)/p)*(3 - 13)?
5
Let b(w) = -11*w + 7 + 0 - 1 + 10*w. Let u be b(4). Suppose -u*a + 6*a - 3*t - 561 = 0, 700 = 5*a - 5*t. What is the hundreds digit of a?
1
Let h = -11195 - -15797. What is the units digit of h?
2
Suppose 5*l - 5*y - 78 = 37, -l - y = -21. Suppose l = -28*d + 30*d. Let c = d + 18. What is the units digit of c?
9
Suppose 6*s = -0*s + 618. Let o = -99 + s. Suppose -o*w = 2*h - 778, h = 2*w + 2*w - 769. What is the units digit of w?
3
Let l be (-8)/12 + 122/(-6). Let z = l + 17. What is the tens digit of (z/6)/((-11)/429)?
2
Suppose 213*d = 6*r + 215*d - 46760, -4*d = -r + 7828. What is the hundreds digit of r?
7
Let h(r) = r**3 + 10*r**2 - r - 8. Let q be h(-10). Suppose -4*b = c - 114, -3*c + 369 = -q*b + 83. What is the units digit of c?
8
Let j = 408 - 846. Let l = -216 - j. What is the units digit of l?
2
What is the hundreds digit of 57/38 + 23209/2?
6
Let h(t) = t**2 + 4*t - 19. Suppose -80 = 23*g + 288. What is the hundreds digit of h(g)?
1
Suppose 0 = -9*q + 4*q - 750. Suppose -1908 = 15*w - 1623. Let x = w - q. What is the units digit of x?
1
Let c(y) = y**3 + 2*y**2 - y + 12. Let z be c(-3). What is the tens digit of (27/z)/(1/106)?
7
Let t be (-539)/(-187) - (-2)/17. Suppose -t*v - 198 + 1194 = 0. What is the tens digit of v?
3
Let f be -2 - ((5 - 7) + 42). What is the tens digit of (-4 + 2 - 0)/(f/3549)?
6
Let c(l) = 20*l + 1. Let y(q) = 19*q + 1. Let i(h) = 4*c(h) - 3*y(h). Suppose -5*w + 3 = 2*r - 4, 0 = -2*r - 3*w + 5. What is the units digit of i(r)?
4
What is the tens digit of (54/(-12) + 6)*116184/9?
6
Let z(t) = 187*t**3 - t**2 + 8*t - 7. Suppose 3*j - 11 + 8 = 0. What is the tens digit of z(j)?
8
Suppose -5*l - 10239 = -2*d, -5*d - 1287*l + 1282*l = -25580. What is the thousands digit of d?
5
Let n(p) = -47*p - 3. Let j(g) = -1. Let m(r) = -4*j(r) + n(r). What is the tens digit of m(-1)?
4
Let u(h) = h**2 + 6*h + 6. Let w be u(-5). Let x(k) = -47*k + 1 - 3*k + 134*k - 24*k. What is the units digit of x(w)?
1
Let m = -25 + 6437. What is the units digit of m?
2
Let j = 346 - 351. Let x(l) be the third derivative of -7*l**4/6 - l**3/2 + 5*l**2. What is the tens digit of x(j)?
3
Suppose -3*k = 3*p - 5463, -5*k + 3047 = 4*p - 4240. Suppose 3*z = 5*i + 7*z - 1827, -p = -5*i - z. What is the tens digit of i?
6
Let r(h) = 2*h + 5. Suppose 34 = -4*s - 42. Let g(u) = u + 33. Let b be g(s). What is the units digit of r(b)?
3
What is the tens digit of 2*864 - (10 + -5 + 3)?
2
Let o(u) = -u**3 - 11*u**2 - 18*u + 5. Let r be o(-9). Suppose -4*s + 1937 = r*b, -3*s = 5*b - 6*b + 376. What is the hundreds digit of b?
3
Suppose 73*p = 75*p - 4. Suppose 4820 = 4*k + 4*t, -11*k + 14*k = -p*t + 3614. What is the tens digit of k?
0
Let g = -11522 - -40160. What is the units digit of g?
8
Let b = 712 - 388. Let m(z) = -z**3 - 11*z**2 - 9*z + 26. Let o be m(-10). Suppose o*k - b = 13*k. What is the tens digit of k?
0
Let q be (-9)/12*-2*(-12)/9. Let u be -1*q/(-2) - -4. Suppose 0 = -4*n - 20, -x + 3*x + u*n + 7 = 0. What is the units digit of x?
4
Suppose 44 = -4*z + 112. Suppose -7*d + 298 = -z. What is the tens digit of d?
4
Suppose 24 - 9 = 5*z. Let g be (-1 + 1/2)*(z + -3). Let a(t) = -6*t + 48. What is the units digit of a(g)?
8
Let j(a) = -30*a - 15. Let o be j(-7). Let r = o - 32. Let g = -115 + r. What is the units digit of g?
8
Let s(j) = -j - 13. Let k(h) = -2*h**3 + 2*h + 3. Let u be k(-2). Let w be s(u). Let n = w + 48. What is the tens digit of n?
2
Let q be 2358/15 + (-2)/10*1. Suppose -q - 1755 = -z. Suppose -18*g + 1184 = -z. What is the units digit of g?
2
Let n(r) = -r**2 + r - 2. Let h(a) = -3*a**2 - 13*a + 46. Let l(w) = h(w) - 4*n(w). What is the tens digit of l(32)?
3
What is the hundreds digit of (77694/4)/(5/(-2) + 4)?
9
Suppose 4*r + 5*y + 10299 - 30483 = 0, 0 = -r - 5*y + 5046. What is the hundreds digit of r?
0
Let s(b) be the third derivative of -b**6/24 - b**5/15 + 11*b**4/24 + 5*b**3/2 - 65*b**2 + 2*b. What is the units digit of s(-5)?
5
Let p = -269 - -271. Suppose 6*k + p*m - 787 = k, 3*k = -3*m + 465. What is the units digit of k?
9
Suppose -1129872 - 880838 = -130*x. What is the thousands digit of x?
5
Let w be 1*(-1)/2*-6. Suppose 2*j - 196 = -5*v, v - 34 = -w*j - 0*j. Suppose v = 3*r - 56. What is the units digit of r?
2
What is the units digit of (1322/9*-21 - 12)*1*-3?
0
Suppose 0 = -402*g + 440*g - 1184308. What is the tens digit of g?
6
Let j = 72969 - 43538. What is the tens digit of j?
3
Suppose 8*r - 8*r + 10*r - 282220 = 0. What is the units digit of r?
2
Let z(q) be the second derivative of -q**4/8 + q**3/6 + 15*q**2/2 - 14*q. Let n(u) be the first derivative of z(u). What is the units digit of n(-1)?
4
Suppose 4*l = -2*x + 32508, -2*l + 4741 = 2*x - 27779. What is the units digit of x?
6
Suppose 5396*j = 5404*j - 24. Let g = 7 - 5. Suppose -395 + g = -j*a. What is the hundreds digit of a?
1
Suppose -4*a = -0*a + i - 1812, 3*a = 3*i + 1344. What is the units digit of (-2 - (-16)/10)*(2 - a)?
0
Suppose 4*u = -v + 4295 + 3027, 0 = -3*v - 5*u + 21952. What is the hundreds digit of v?
3
Le